{"id":766,"date":"2016-09-09T19:19:43","date_gmt":"2016-09-09T22:19:43","guid":{"rendered":"http:\/\/www.amazongas.com.br\/?page_id=766"},"modified":"2017-04-12T16:38:13","modified_gmt":"2017-04-12T20:38:13","slug":"quem-somos","status":"publish","type":"page","link":"https:\/\/www.amazongas.com.br\/site\/?page_id=766","title":{"rendered":"Quem somos"},"content":{"rendered":"<p>Empresa de capital privado do ramo de derivados de petr\u00f3leo, estabelecemos nossa matriz em 1992 na cidade de Manaus\/AM no Polo Industrial do Amazonas com mais de 250 colaboradores.<\/p>\n<p>Expandimos nossas opera\u00e7\u00f5es para os estados de RO em 1994, em seguida para o estado do AC em 1998 e finalmente em RR em Dezembro de 2009.<\/p>\n<p>Buscando Servir Melhor nossos clientes disponibilizando uma rede ampla de revendedores para atendimento ao consumidor final e equipe altamente especializada para atendimento a empresas e industrias.<\/p>\n<p>Certificados ISO 9001 no ano de 2.000 conferindo maior seguran\u00e7a e qualidade aos processos aumentando ainda mais a confiabilidade e seguran\u00e7a de nossos produtos e servi\u00e7os.<\/p>\n<p>Atendemos atrav\u00e9s de uma frota com mais de 100 caminh\u00f5es nossas revendas e balsas de alta capacidade operando em portos pr\u00f3prios em nossas Filiais<\/p>\n","protected":false},"excerpt":{"rendered":"<p>Empresa de capital privado do ramo de derivados de petr\u00f3leo, estabelecemos nossa matriz em 1992 na cidade de Manaus\/AM no Polo Industrial do Amazonas com mais de 250 colaboradores. Expandimos nossas opera\u00e7\u00f5es para os estados de RO em 1994, em seguida para o estado do AC em 1998 e finalmente em RR em Dezembro de [&hellip;]<\/p>\n","protected":false},"author":1,"featured_media":782,"parent":763,"menu_order":15,"comment_status":"closed","ping_status":"closed","template":"pagina-filha.php","meta":[],"yoast_head":"<!-- This site is optimized with the Yoast SEO plugin v15.7 - https:\/\/yoast.com\/wordpress\/plugins\/seo\/ -->\r\n<meta name=\"robots\" content=\"index, follow, max-snippet:-1, max-image-preview:large, max-video-preview:-1\" \/>\r\n<link rel=\"canonical\" href=\"https:\/\/www.amazongas.com.br\/site\/?page_id=766\" \/>\r\n<meta property=\"og:locale\" content=\"pt_BR\" \/>\r\n<meta property=\"og:type\" content=\"article\" \/>\r\n<meta property=\"og:title\" content=\"Quem somos - AmazonG\u00e1s\" \/>\r\n<meta property=\"og:description\" content=\"Empresa de capital privado do ramo de derivados de petr\u00f3leo, estabelecemos nossa matriz em 1992 na cidade de Manaus\/AM no Polo Industrial do Amazonas com mais de 250 colaboradores. Expandimos nossas opera\u00e7\u00f5es para os estados de RO em 1994, em seguida para o estado do AC em 1998 e finalmente em RR em Dezembro de [&hellip;]\" \/>\r\n<meta property=\"og:url\" content=\"https:\/\/www.amazongas.com.br\/site\/?page_id=766\" \/>\r\n<meta property=\"og:site_name\" content=\"AmazonG\u00e1s\" \/>\r\n<meta property=\"article:modified_time\" content=\"2017-04-12T20:38:13+00:00\" \/>\r\n<meta property=\"og:image\" content=\"https:\/\/www.amazongas.com.br\/site\/wp-content\/uploads\/2016\/09\/quem-somos.jpg\" \/>\r\n\t<meta property=\"og:image:width\" content=\"1920\" \/>\r\n\t<meta property=\"og:image:height\" content=\"210\" \/>\r\n<meta name=\"twitter:card\" content=\"summary\" \/>\r\n<meta name=\"twitter:label1\" content=\"Est. reading time\">\n\t<meta name=\"twitter:data1\" content=\"1 minuto\">\r\n<script type=\"application\/ld+json\" class=\"yoast-schema-graph\">{\"@context\":\"https:\/\/schema.org\",\"@graph\":[{\"@type\":\"WebSite\",\"@id\":\"https:\/\/www.amazongas.com.br\/site\/#website\",\"url\":\"https:\/\/www.amazongas.com.br\/site\/\",\"name\":\"AmazonG\\u00e1s\",\"description\":\"Servindo Melhor!\",\"potentialAction\":[{\"@type\":\"SearchAction\",\"target\":\"https:\/\/www.amazongas.com.br\/site\/?s={search_term_string}\",\"query-input\":\"required name=search_term_string\"}],\"inLanguage\":\"pt-BR\"},{\"@type\":\"ImageObject\",\"@id\":\"https:\/\/www.amazongas.com.br\/site\/?page_id=766#primaryimage\",\"inLanguage\":\"pt-BR\",\"url\":\"https:\/\/www.amazongas.com.br\/site\/wp-content\/uploads\/2016\/09\/quem-somos.jpg\",\"width\":1920,\"height\":210},{\"@type\":\"WebPage\",\"@id\":\"https:\/\/www.amazongas.com.br\/site\/?page_id=766#webpage\",\"url\":\"https:\/\/www.amazongas.com.br\/site\/?page_id=766\",\"name\":\"Quem somos - AmazonG\\u00e1s\",\"isPartOf\":{\"@id\":\"https:\/\/www.amazongas.com.br\/site\/#website\"},\"primaryImageOfPage\":{\"@id\":\"https:\/\/www.amazongas.com.br\/site\/?page_id=766#primaryimage\"},\"datePublished\":\"2016-09-09T22:19:43+00:00\",\"dateModified\":\"2017-04-12T20:38:13+00:00\",\"inLanguage\":\"pt-BR\",\"potentialAction\":[{\"@type\":\"ReadAction\",\"target\":[\"https:\/\/www.amazongas.com.br\/site\/?page_id=766\"]}]}]}<\/script>\r\n<!-- \/ Yoast SEO plugin. -->","_links":{"self":[{"href":"https:\/\/www.amazongas.com.br\/site\/index.php?rest_route=\/wp\/v2\/pages\/766"}],"collection":[{"href":"https:\/\/www.amazongas.com.br\/site\/index.php?rest_route=\/wp\/v2\/pages"}],"about":[{"href":"https:\/\/www.amazongas.com.br\/site\/index.php?rest_route=\/wp\/v2\/types\/page"}],"author":[{"embeddable":true,"href":"https:\/\/www.amazongas.com.br\/site\/index.php?rest_route=\/wp\/v2\/users\/1"}],"replies":[{"embeddable":true,"href":"https:\/\/www.amazongas.com.br\/site\/index.php?rest_route=%2Fwp%2Fv2%2Fcomments&post=766"}],"version-history":[{"count":5,"href":"https:\/\/www.amazongas.com.br\/site\/index.php?rest_route=\/wp\/v2\/pages\/766\/revisions"}],"predecessor-version":[{"id":1190,"href":"https:\/\/www.amazongas.com.br\/site\/index.php?rest_route=\/wp\/v2\/pages\/766\/revisions\/1190"}],"up":[{"embeddable":true,"href":"https:\/\/www.amazongas.com.br\/site\/index.php?rest_route=\/wp\/v2\/pages\/763"}],"wp:featuredmedia":[{"embeddable":true,"href":"https:\/\/www.amazongas.com.br\/site\/index.php?rest_route=\/wp\/v2\/media\/782"}],"wp:attachment":[{"href":"https:\/\/www.amazongas.com.br\/site\/index.php?rest_route=%2Fwp%2Fv2%2Fmedia&parent=766"}],"curies":[{"name":"wp","href":"https:\/\/api.w.org\/{rel}","templated":true}]}}